{"id":1171,"date":"2024-10-21T10:19:02","date_gmt":"2024-10-21T10:19:02","guid":{"rendered":"https:\/\/filtshop.dk\/?post_type=product&#038;p=1171"},"modified":"2024-10-21T10:20:24","modified_gmt":"2024-10-21T10:20:24","slug":"rondel-1xoe11mm-hvid-selvklaebende","status":"publish","type":"product","link":"https:\/\/filtshop.dk\/index.php\/vare\/rondel-1xoe11mm-hvid-selvklaebende\/","title":{"rendered":"Rondel 1x\u00f811mm hvid selvkl\u00e6bende"},"content":{"rendered":"","protected":false},"excerpt":{"rendered":"<p>Rondel 1x\u00d811mm hvid selvkl\u00e6bende pr. 100 stk.<\/p>\n","protected":false},"featured_media":960,"template":"","meta":[],"product_cat":[19],"product_tag":[],"class_list":{"0":"post-1171","1":"product","2":"type-product","3":"status-publish","4":"has-post-thumbnail","6":"product_cat-filtpoter","8":"first","9":"instock","10":"taxable","11":"shipping-taxable","12":"purchasable","13":"product-type-simple"},"_links":{"self":[{"href":"https:\/\/filtshop.dk\/index.php\/wp-json\/wp\/v2\/product\/1171","targetHints":{"allow":["GET"]}}],"collection":[{"href":"https:\/\/filtshop.dk\/index.php\/wp-json\/wp\/v2\/product"}],"about":[{"href":"https:\/\/filtshop.dk\/index.php\/wp-json\/wp\/v2\/types\/product"}],"wp:featuredmedia":[{"embeddable":true,"href":"https:\/\/filtshop.dk\/index.php\/wp-json\/wp\/v2\/media\/960"}],"wp:attachment":[{"href":"https:\/\/filtshop.dk\/index.php\/wp-json\/wp\/v2\/media?parent=1171"}],"wp:term":[{"taxonomy":"product_cat","embeddable":true,"href":"https:\/\/filtshop.dk\/index.php\/wp-json\/wp\/v2\/product_cat?post=1171"},{"taxonomy":"product_tag","embeddable":true,"href":"https:\/\/filtshop.dk\/index.php\/wp-json\/wp\/v2\/product_tag?post=1171"}],"curies":[{"name":"wp","href":"https:\/\/api.w.org\/{rel}","templated":true}]}}