{"id":1134,"date":"2024-10-18T12:16:01","date_gmt":"2024-10-18T12:16:01","guid":{"rendered":"https:\/\/filtshop.dk\/?post_type=product&#038;p=1134"},"modified":"2024-10-18T12:17:41","modified_gmt":"2024-10-18T12:17:41","slug":"rondel-1xoe20mm-groen-selvklaebende","status":"publish","type":"product","link":"https:\/\/filtshop.dk\/index.php\/vare\/rondel-1xoe20mm-groen-selvklaebende\/","title":{"rendered":"Rondel 1x\u00f820mm gr\u00f8n selvkl\u00e6bende"},"content":{"rendered":"","protected":false},"excerpt":{"rendered":"<p>Rondel 1x\u00d820mm gr\u00f8n selvkl\u00e6bende pr. 100 stk.<\/p>\n","protected":false},"featured_media":955,"template":"","meta":[],"product_cat":[19],"product_tag":[],"class_list":{"0":"post-1134","1":"product","2":"type-product","3":"status-publish","4":"has-post-thumbnail","6":"product_cat-filtpoter","8":"first","9":"instock","10":"sale","11":"taxable","12":"shipping-taxable","13":"purchasable","14":"product-type-simple"},"_links":{"self":[{"href":"https:\/\/filtshop.dk\/index.php\/wp-json\/wp\/v2\/product\/1134","targetHints":{"allow":["GET"]}}],"collection":[{"href":"https:\/\/filtshop.dk\/index.php\/wp-json\/wp\/v2\/product"}],"about":[{"href":"https:\/\/filtshop.dk\/index.php\/wp-json\/wp\/v2\/types\/product"}],"wp:featuredmedia":[{"embeddable":true,"href":"https:\/\/filtshop.dk\/index.php\/wp-json\/wp\/v2\/media\/955"}],"wp:attachment":[{"href":"https:\/\/filtshop.dk\/index.php\/wp-json\/wp\/v2\/media?parent=1134"}],"wp:term":[{"taxonomy":"product_cat","embeddable":true,"href":"https:\/\/filtshop.dk\/index.php\/wp-json\/wp\/v2\/product_cat?post=1134"},{"taxonomy":"product_tag","embeddable":true,"href":"https:\/\/filtshop.dk\/index.php\/wp-json\/wp\/v2\/product_tag?post=1134"}],"curies":[{"name":"wp","href":"https:\/\/api.w.org\/{rel}","templated":true}]}}